est common factor of l and h.
16
Suppose -p + 22 = 6. Let b(t) be the second derivative of t**5/20 - t**3/2 + t**2 - 2*t. Let z be b(2). Calculate the highest common divisor of z and p.
4
Let w(d) = d + 8. Let g be w(-6). Suppose 3*x - g*x = 33. Let v = x + 3. Calculate the greatest common factor of 12 and v.
12
Suppose -2*u + 7*u = 4*p + 11, -13 = -p - 4*u. Calculate the greatest common divisor of p and 9.
1
Let d be (0 - 192/(-15))*5. Suppose 3*m - 2*b - 7 - 11 = 0, -4*m - b + 35 = 0. What is the greatest common factor of d and m?
8
Let l = -101 + 105. Calculate the highest common divisor of l and 7.
1
Suppose -9*m = -12*m + 45. Let r(z) = -53*z - 1. Let x be r(-2). What is the highest common divisor of m and x?
15
Let q(r) = -r**2 + 8*r + 9. Let m be q(7). Let k be m/10*5/2. Let w = k + 0. Calculate the highest common divisor of 8 and w.
4
Suppose 4*b + 3*n = 101, -2*b - 63 = -4*b + n. Suppose 3*y + 4*v - 55 = b, 2*y - 55 = -3*v. What is the greatest common factor of 48 and y?
16
Suppose -3*d - 1 - 5 = 0. Let b = d - 6. Let v be b*(9/(-3) + 2). Calculate the highest common divisor of v and 2.
2
Let b be (-2)/4*-1*28. Let g(p) = -2*p - 11. Let f be g(-6). Let x be -2 + (f - -130) + -3. Calculate the highest common divisor of b and x.
14
Let q(m) = -5*m - 38. Let i be q(-12). Calculate the highest common factor of i and 154.
22
Suppose -3*w = f - 17, 2*w - 27 = -2*f - 9. Calculate the greatest common factor of w and 8.
4
Let x be (-1*1)/((-3)/9). Let p be 26*(x + -1 + 0). Calculate the greatest common factor of p and 13.
13
Let s = 6 - -6. Suppose s = -2*h - 4*q, 4*q + 24 = 2*h - h. Let o be (2/h)/(2/4). Calculate the greatest common divisor of o and 5.
1
Let v(k) = 2*k**2 - k + 232. Let x be v(0). Calculate the greatest common factor of 29 and x.
29
Let c(a) = -9*a**3 - 3*a**2 + 4*a + 2. Let u be c(-2). Calculate the greatest common factor of 27 and u.
27
Let d be ((-12)/9)/((-14)/21). What is the greatest common factor of 7 and d?
1
Suppose -t - 7 = -22. Calculate the greatest common divisor of 10 and t.
5
Let g(n) = n. Let s be g(2). Let k be s/9 + (-561)/(-27). Suppose a = -5*a + 882. What is the greatest common divisor of a and k?
21
Let c be ((-6)/9)/((-4)/18). Suppose 2*k = -c*k + 255. Let s = k + -19. What is the greatest common factor of s and 48?
16
Let c(w) = -2*w - 10. Let g be c(-6). Suppose 0*m + 2*m + 10 = j, -29 = -g*j + m. What is the highest common factor of j and 48?
16
Let g(f) = -5*f**3 - 2*f + 1. Let x be g(1). Let u be (-381)/x + 1/2. Calculate the highest common factor of u and 16.
16
Suppose -i + 210 = 13*i. What is the highest common factor of i and 165?
15
Suppose 4*b = 3*b - 13. Let m = -9 - b. Suppose -9*h = -131 - 13. Calculate the highest common divisor of m and h.
4
Let z(a) = a. Let i be z(4). Suppose i*d + 5*c - 4*c = 7, -3*d + 2*c = 3. Let s = -3 - -10. Calculate the greatest common divisor of s and d.
1
Let t = 19 - 8. Suppose -2*k + 5*q = -154, -4*q = 2*k - 2*q - 154. What is the highest common factor of k and t?
11
Let c be (-2)/(-1*2) + 35. Let n = 19 - 10. Calculate the greatest common factor of c and n.
9
Suppose 0 = 3*b - 2 - 1, 204 = 5*o + 4*b. Suppose 0 = 4*i - 5*x - 15, -5*i + 0*x + 65 = 3*x. Let a = o + i. Calculate the highest common divisor of 10 and a.
10
Let v(g) = -g + 1. Let j(d) = -d - 11. Let s be j(-7). Let u be v(s). Suppose -q = u - 16. Calculate the highest common factor of q and 11.
11
Suppose r - 5 = -0*r. Suppose -5*l = 3*b - 8 - 22, -r*l - 2*b + 25 = 0. Let n be 2*l/(12/26). Calculate the greatest common divisor of 39 and n.
13
Let v be 40/(-6) + 6/9. Let d be ((-8)/6)/(v/63). What is the greatest common divisor of 98 and d?
14
Let t = 32 - 24. Suppose 3*o - 60 = -2*o. What is the highest common divisor of o and t?
4
Suppose 5*j = 4*m - 59 + 10, 0 = m + 2*j + 4. Calculate the greatest common factor of 30 and m.
6
Let f = -135 + 183. What is the highest common divisor of f and 6?
6
Suppose 2 = -r + 3. Let l be 3/(r + (-3 - -3)). What is the highest common factor of l and 1?
1
Suppose -i = 5*f - 0*i - 880, 0 = -4*f + 5*i + 704. Let j = f + -99. Calculate the greatest common divisor of j and 7.
7
Suppose -13*s = -158 + 54. Let p be (-568)/(-2) - (3 - 4). Suppose -2*x = -4*a - 5*x + p, -5*x - 293 = -4*a. Calculate the greatest common factor of a and s.
8
Let q(b) = 4*b + 4. Let i be q(3). Let m = i - 5. What is the greatest common divisor of m and 55?
11
Let b be (232/16)/((-1)/(-2)). Let p(r) = 66*r**2 + 3*r + 3. Let s be p(-2). What is the greatest common divisor of s and b?
29
Let k be 4 + 303*(-3)/(-9). What is the greatest common factor of 21 and k?
21
Let n be (-5 + 8)*(-2)/(-3). Calculate the greatest common factor of 6 and n.
2
Suppose 3 = 2*n - 3. Let m = 3 + -1. Suppose -u = m*u - n. What is the highest common divisor of 2 and u?
1
Let q = -8 + 2. Let u be ((-45)/q)/(2/4). What is the greatest common factor of u and 135?
15
Suppose d - 18 = 63. Let y = d - 57. Calculate the highest common divisor of y and 16.
8
Let d = -38 + 22. Let q be (-35)/2*d/10. Let u be (-80)/(-50)*(-5)/(-2). What is the greatest common divisor of u and q?
4
Let d be ((-39)/(-6))/((-8)/(-32)). What is the highest common factor of 234 and d?
26
Let y be ((-160)/(-25))/2*5. What is the greatest common divisor of y and 64?
16
Suppose -i = -6*i + 60. Let m be ((-27)/(-12))/(i/160). Suppose d + 3*d = 12. What is the highest common factor of m and d?
3
Let w = -156 - -68. Let c be (4 - 42/8)*w. Calculate the highest common divisor of 10 and c.
10
Suppose -2*k = -4*d, 5*d - 24 = -3*k + 3*d. What is the greatest common factor of k and 18?
6
Suppose 82 = 6*u - 8. What is the greatest common divisor of u and 6?
3
Let i = 95 + -176. Let g be 0 - (-3)/1 - i. Let o be 13 + (3/(-1) - -2). What is the greatest common factor of o and g?
12
Let p(z) = -z**2 + 11*z - 11. Suppose -27 = -5*h + 18. Let g be p(h). What is the highest common factor of g and 7?
7
Suppose -6*c + 50 + 16 = 0. What is the greatest common factor of c and 1?
1
Let d(t) = t**3 + 7*t**2 - t - 5. Let r be d(-7). Suppose r*y + 198 = 4*y. Let u = -17 - -26. Calculate the highest common divisor of u and y.
9
Let h(s) = s**2 + s - 12. Let c be h(5). Calculate the highest common factor of 162 and c.
18
Suppose 12 = -3*c, -z + c = 4*z - 74. What is the greatest common divisor of 98 and z?
14
Let h(a) = 2*a**2 - 9*a - 9. Let u be h(7). Suppose -4*b + u = b + i, 3*i = 4*b - 17. What is the greatest common factor of b and 10?
5
Let i(z) = -z**3 - 4*z**2 - 3*z - 6. Let u be i(-4). Calculate the highest common factor of 6 and u.
6
Suppose -2*x = 3*i - 19 - 41, -3*x = -5*i - 90. Let r = 44 - x. Suppose o - 3*o + 28 = 0. Calculate the greatest common divisor of o and r.
14
Suppose -2*q = 5*b - 35, 0*q - 4*q + 75 = 5*b. Calculate the greatest common factor of q and 20.
20
Suppose -5 = 2*g - 9. What is the greatest common divisor of g and 5?
1
Suppose 9*n = 5*n + 12. Calculate the greatest common divisor of 9 and n.
3
Let j be 16/(-12) - 1124/(-6). Calculate the greatest common factor of j and 31.
31
Let y be (-357 + 2)*(0 + -1). Suppose -2*n + y + 41 = 0. Calculate the highest common factor of 22 and n.
22
Suppose 176 = 5*v + 16. What is the highest common divisor of v and 4?
4
Let d = -2 - -10. Suppose -d - 5 = -x. Let f = -21 - -73. What is the greatest common divisor of x and f?
13
Let q be -5 - ((-3)/1)/(-3). Let u(g) = g + 12. Let k be u(q). Calculate the greatest common factor of 3 and k.
3
Let w = 86 - -29. Suppose 0 = -2*u - 2*g + 34, 0*u = -5*u + g + w. Let y = u - 3. Calculate the highest common factor of 38 and y.
19
Let g be (-3486)/(-56) + (-3)/(-4). Let c = -14 - -5. Let a = 18 + c. Calculate the highest common factor of a and g.
9
Suppose 1 = 5*n - 14. Suppose 0*s = s, 0 = 5*l + n*s - 850. Let k = l - 116. Calculate the greatest common factor of 18 and k.
18
Let a(j) = -10*j - 3. Let y be a(3). Let p be (-4)/(-22) - 687/y. Calculate the greatest common factor of p and 168.
21
Let b = 4 - 3. Let f be (-2 - 1) + 83/b. What is the highest common factor of f and 16?
16
Let m(x) = -x**3 - 2*x**2 + 6*x + 1. Let y be m(-4). Let q be (-10)/35 + 65/7. What is the highest common factor of q and y?
9
Let d be (2/1)/((-10)/(-225)). What is the highest comm